{"id":6909,"date":"2020-10-08T23:03:10","date_gmt":"2020-10-09T05:03:10","guid":{"rendered":"https:\/\/waterpeople.org\/?post_type=product&#038;p=6909"},"modified":"2025-06-13T09:23:23","modified_gmt":"2025-06-13T15:23:23","slug":"water-people-express","status":"publish","type":"product","link":"https:\/\/waterpeople.org\/spanish\/ticket\/water-people-express\/","title":{"rendered":"WATER PEOPLE EXPRESS"},"content":{"rendered":"<div data-elementor-type=\"product-post\" data-elementor-id=\"6909\" class=\"elementor elementor-6909\" data-elementor-post-type=\"product\">\n\t\t\t\t<div class=\"elementor-element elementor-element-4505e58 e-flex e-con-boxed e-con e-parent\" data-id=\"4505e58\" data-element_type=\"container\" data-e-type=\"container\" data-settings=\"{&quot;background_background&quot;:&quot;classic&quot;}\">\n\t\t\t\t\t<div class=\"e-con-inner\">\n\t\t<div class=\"elementor-element elementor-element-dfefd3f e-con-full e-flex e-con e-child\" data-id=\"dfefd3f\" data-element_type=\"container\" data-e-type=\"container\">\n\t\t\t\t<div class=\"elementor-element elementor-element-a04e24d elementor-hidden-tablet elementor-hidden-phone elementor-widget elementor-widget-image\" data-id=\"a04e24d\" data-element_type=\"widget\" data-e-type=\"widget\" data-widget_type=\"image.default\">\n\t\t\t\t<div class=\"elementor-widget-container\">\n\t\t\t\t\t\t\t\t\t\t\t\t\t\t\t<img fetchpriority=\"high\" decoding=\"async\" width=\"768\" height=\"548\" src=\"https:\/\/waterpeople.org\/wp-content\/uploads\/2020\/10\/calendario-768x548.jpg\" class=\"attachment-medium_large size-medium_large wp-image-6910\" alt=\"\" srcset=\"https:\/\/waterpeople.org\/wp-content\/uploads\/2020\/10\/calendario-768x548.jpg 768w, https:\/\/waterpeople.org\/wp-content\/uploads\/2020\/10\/calendario-300x214.jpg 300w, https:\/\/waterpeople.org\/wp-content\/uploads\/2020\/10\/calendario-1024x730.jpg 1024w, https:\/\/waterpeople.org\/wp-content\/uploads\/2020\/10\/calendario-1536x1096.jpg 1536w, https:\/\/waterpeople.org\/wp-content\/uploads\/2020\/10\/calendario-16x12.jpg 16w, https:\/\/waterpeople.org\/wp-content\/uploads\/2020\/10\/calendario-600x428.jpg 600w, https:\/\/waterpeople.org\/wp-content\/uploads\/2020\/10\/calendario.jpg 1538w\" sizes=\"(max-width: 768px) 100vw, 768px\" \/>\t\t\t\t\t\t\t\t\t\t\t\t\t\t\t<\/div>\n\t\t\t\t<\/div>\n\t\t\t\t<div class=\"elementor-element elementor-element-89ff8b8 elementor-widget elementor-widget-heading\" data-id=\"89ff8b8\" data-element_type=\"widget\" data-e-type=\"widget\" data-widget_type=\"heading.default\">\n\t\t\t\t<div class=\"elementor-widget-container\">\n\t\t\t\t\t<h2 class=\"elementor-heading-title elementor-size-default\">ALL&nbsp;FOR&nbsp;THE&nbsp;PLANET | ONE&nbsp;PLANET&nbsp;FOR&nbsp;ALL<\/h2>\t\t\t\t<\/div>\n\t\t\t\t<\/div>\n\t\t\t\t<div class=\"elementor-element elementor-element-5f096e4 elementor-widget elementor-widget-heading\" data-id=\"5f096e4\" data-element_type=\"widget\" data-e-type=\"widget\" data-widget_type=\"heading.default\">\n\t\t\t\t<div class=\"elementor-widget-container\">\n\t\t\t\t\t<h2 class=\"elementor-heading-title elementor-size-default\">\u00bfY YO... POR QU\u00c9 NO?<\/h2>\t\t\t\t<\/div>\n\t\t\t\t<\/div>\n\t\t\t\t<div class=\"elementor-element elementor-element-431328f elementor-widget elementor-widget-heading\" data-id=\"431328f\" data-element_type=\"widget\" data-e-type=\"widget\" data-widget_type=\"heading.default\">\n\t\t\t\t<div class=\"elementor-widget-container\">\n\t\t\t\t\t<h2 class=\"elementor-heading-title elementor-size-default\">UN CUENTO DE NAVIDAD PARA TODA LA FAMILIA<\/h2>\t\t\t\t<\/div>\n\t\t\t\t<\/div>\n\t\t<div class=\"elementor-element elementor-element-fbb1c67 e-flex e-con-boxed e-con e-child\" data-id=\"fbb1c67\" data-element_type=\"container\" data-e-type=\"container\">\n\t\t\t\t\t<div class=\"e-con-inner\">\n\t\t\t\t<div class=\"elementor-element elementor-element-d3873e1 elementor-widget__width-initial elementor-widget elementor-widget-image-carousel\" data-id=\"d3873e1\" data-element_type=\"widget\" data-e-type=\"widget\" data-settings=\"{&quot;slides_to_show&quot;:&quot;1&quot;,&quot;navigation&quot;:&quot;none&quot;,&quot;pause_on_hover&quot;:&quot;no&quot;,&quot;pause_on_interaction&quot;:&quot;no&quot;,&quot;autoplay_speed&quot;:2500,&quot;effect&quot;:&quot;fade&quot;,&quot;speed&quot;:600,&quot;autoplay&quot;:&quot;yes&quot;,&quot;infinite&quot;:&quot;yes&quot;}\" data-widget_type=\"image-carousel.default\">\n\t\t\t\t<div class=\"elementor-widget-container\">\n\t\t\t\t\t\t\t<div class=\"elementor-image-carousel-wrapper swiper\" role=\"region\" aria-roledescription=\"carousel\" aria-label=\"Image Carousel\" dir=\"ltr\">\n\t\t\t<div class=\"elementor-image-carousel swiper-wrapper\" aria-live=\"off\">\n\t\t\t\t\t\t\t\t<div class=\"swiper-slide\" role=\"group\" aria-roledescription=\"slide\" aria-label=\"1 of 5\" data-no-translation-aria-label=\"\"><figure class=\"swiper-slide-inner\"><img decoding=\"async\" class=\"swiper-slide-image\" src=\"https:\/\/waterpeople.org\/wp-content\/uploads\/2023\/03\/MUSIC-KID-118x300.png\" alt=\"MUSIC KID\" \/><\/figure><\/div><div class=\"swiper-slide\" role=\"group\" aria-roledescription=\"slide\" aria-label=\"2 of 5\" data-no-translation-aria-label=\"\"><figure class=\"swiper-slide-inner\"><img decoding=\"async\" class=\"swiper-slide-image\" src=\"https:\/\/waterpeople.org\/wp-content\/uploads\/2023\/03\/GUITAR-KID-159x300.png\" alt=\"GUITAR KID\" \/><\/figure><\/div><div class=\"swiper-slide\" role=\"group\" aria-roledescription=\"slide\" aria-label=\"3 of 5\" data-no-translation-aria-label=\"\"><figure class=\"swiper-slide-inner\"><img decoding=\"async\" class=\"swiper-slide-image\" src=\"https:\/\/waterpeople.org\/wp-content\/uploads\/2023\/03\/DANCE-KID-163x300.png\" alt=\"DANCE KID\" \/><\/figure><\/div><div class=\"swiper-slide\" role=\"group\" aria-roledescription=\"slide\" aria-label=\"4 of 5\" data-no-translation-aria-label=\"\"><figure class=\"swiper-slide-inner\"><img decoding=\"async\" class=\"swiper-slide-image\" src=\"https:\/\/waterpeople.org\/wp-content\/uploads\/2023\/03\/DANCE-KID-2-164x300.png\" alt=\"DANCE KID 2\" \/><\/figure><\/div><div class=\"swiper-slide\" role=\"group\" aria-roledescription=\"slide\" aria-label=\"5 of 5\" data-no-translation-aria-label=\"\"><figure class=\"swiper-slide-inner\"><img decoding=\"async\" class=\"swiper-slide-image\" src=\"https:\/\/waterpeople.org\/wp-content\/uploads\/2023\/03\/ACTING-KID-144x300.png\" alt=\"ACTING KID\" \/><\/figure><\/div>\t\t\t<\/div>\n\t\t\t\t\t\t\t\n\t\t\t\t\t\t\t\t\t<\/div>\n\t\t\t\t\t\t<\/div>\n\t\t\t\t<\/div>\n\t\t\t\t<div class=\"elementor-element elementor-element-91beac8 elementor-widget elementor-widget-image\" data-id=\"91beac8\" data-element_type=\"widget\" data-e-type=\"widget\" data-widget_type=\"image.default\">\n\t\t\t\t<div class=\"elementor-widget-container\">\n\t\t\t\t\t\t\t\t\t\t\t\t\t\t\t<img decoding=\"async\" width=\"300\" height=\"184\" src=\"https:\/\/waterpeople.org\/wp-content\/uploads\/2022\/12\/ciudad-y-yoo-porque-no-what-is-wrong-with-me.webp\" class=\"attachment-medium size-medium wp-image-15498\" alt=\"\" \/>\t\t\t\t\t\t\t\t\t\t\t\t\t\t\t<\/div>\n\t\t\t\t<\/div>\n\t\t\t\t<div class=\"elementor-element elementor-element-fdaaed9 elementor-widget__width-initial elementor-widget elementor-widget-image-carousel\" data-id=\"fdaaed9\" data-element_type=\"widget\" data-e-type=\"widget\" data-settings=\"{&quot;slides_to_show&quot;:&quot;1&quot;,&quot;navigation&quot;:&quot;none&quot;,&quot;pause_on_hover&quot;:&quot;no&quot;,&quot;pause_on_interaction&quot;:&quot;no&quot;,&quot;autoplay_speed&quot;:2500,&quot;effect&quot;:&quot;fade&quot;,&quot;speed&quot;:600,&quot;autoplay&quot;:&quot;yes&quot;,&quot;infinite&quot;:&quot;yes&quot;}\" data-widget_type=\"image-carousel.default\">\n\t\t\t\t<div class=\"elementor-widget-container\">\n\t\t\t\t\t\t\t<div class=\"elementor-image-carousel-wrapper swiper\" role=\"region\" aria-roledescription=\"carousel\" aria-label=\"Image Carousel\" dir=\"ltr\">\n\t\t\t<div class=\"elementor-image-carousel swiper-wrapper\" aria-live=\"off\">\n\t\t\t\t\t\t\t\t<div class=\"swiper-slide\" role=\"group\" aria-roledescription=\"slide\" aria-label=\"1 of 5\" data-no-translation-aria-label=\"\"><figure class=\"swiper-slide-inner\"><img decoding=\"async\" class=\"swiper-slide-image\" src=\"https:\/\/waterpeople.org\/wp-content\/uploads\/2023\/03\/GUITAR-KID-159x300.png\" alt=\"GUITAR KID\" \/><\/figure><\/div><div class=\"swiper-slide\" role=\"group\" aria-roledescription=\"slide\" aria-label=\"2 of 5\" data-no-translation-aria-label=\"\"><figure class=\"swiper-slide-inner\"><img decoding=\"async\" class=\"swiper-slide-image\" src=\"https:\/\/waterpeople.org\/wp-content\/uploads\/2023\/03\/DANCE-KID-163x300.png\" alt=\"DANCE KID\" \/><\/figure><\/div><div class=\"swiper-slide\" role=\"group\" aria-roledescription=\"slide\" aria-label=\"3 of 5\" data-no-translation-aria-label=\"\"><figure class=\"swiper-slide-inner\"><img decoding=\"async\" class=\"swiper-slide-image\" src=\"https:\/\/waterpeople.org\/wp-content\/uploads\/2023\/03\/MUSIC-KID-118x300.png\" alt=\"MUSIC KID\" \/><\/figure><\/div><div class=\"swiper-slide\" role=\"group\" aria-roledescription=\"slide\" aria-label=\"4 of 5\" data-no-translation-aria-label=\"\"><figure class=\"swiper-slide-inner\"><img decoding=\"async\" class=\"swiper-slide-image\" src=\"https:\/\/waterpeople.org\/wp-content\/uploads\/2023\/03\/ACTING-KID-144x300.png\" alt=\"ACTING KID\" \/><\/figure><\/div><div class=\"swiper-slide\" role=\"group\" aria-roledescription=\"slide\" aria-label=\"5 of 5\" data-no-translation-aria-label=\"\"><figure class=\"swiper-slide-inner\"><img decoding=\"async\" class=\"swiper-slide-image\" src=\"https:\/\/waterpeople.org\/wp-content\/uploads\/2023\/03\/DANCE-KID-2-164x300.png\" alt=\"DANCE KID 2\" \/><\/figure><\/div>\t\t\t<\/div>\n\t\t\t\t\t\t\t\n\t\t\t\t\t\t\t\t\t<\/div>\n\t\t\t\t\t\t<\/div>\n\t\t\t\t<\/div>\n\t\t\t\t\t<\/div>\n\t\t\t\t<\/div>\n\t\t\t\t<div class=\"elementor-element elementor-element-8373f93 elementor-widget elementor-widget-text-editor\" data-id=\"8373f93\" data-element_type=\"widget\" data-e-type=\"widget\" data-widget_type=\"text-editor.default\">\n\t\t\t\t<div class=\"elementor-widget-container\">\n\t\t\t\t\t\t\t\t\t<p>Join us at the closing of the first Water People STUDIO Kids Creative Lab.<\/p><p>The children will share the Christmas story \u201cWhat is wrong with me?\u201d<\/p><p>Our story begins with little Romplo, a Christmas tree who is different from everyone else, arriving into the city along with his friends to celebrate Christmas. Days pass and people only buy the little trees smiling happily on their way to their new homes. Nobody wanted to take little Romplo home.<\/p><p>We are all unique, That\u2019s what makes us different and distinct.<\/p>\t\t\t\t\t\t\t\t<\/div>\n\t\t\t\t<\/div>\n\t\t\t\t<div class=\"elementor-element elementor-element-93e161f elementor-widget elementor-widget-heading\" data-id=\"93e161f\" data-element_type=\"widget\" data-e-type=\"widget\" data-widget_type=\"heading.default\">\n\t\t\t\t<div class=\"elementor-widget-container\">\n\t\t\t\t\t<h2 class=\"elementor-heading-title elementor-size-default\">A story about friendship, respect, and inclusion.<\/h2>\t\t\t\t<\/div>\n\t\t\t\t<\/div>\n\t\t\t\t<div class=\"elementor-element elementor-element-e63e252 elementor-widget elementor-widget-spacer\" data-id=\"e63e252\" data-element_type=\"widget\" data-e-type=\"widget\" data-widget_type=\"spacer.default\">\n\t\t\t\t<div class=\"elementor-widget-container\">\n\t\t\t\t\t\t\t<div class=\"elementor-spacer\">\n\t\t\t<div class=\"elementor-spacer-inner\"><\/div>\n\t\t<\/div>\n\t\t\t\t\t\t<\/div>\n\t\t\t\t<\/div>\n\t\t<div class=\"elementor-element elementor-element-c5266eb e-flex e-con-boxed e-con e-child\" data-id=\"c5266eb\" data-element_type=\"container\" data-e-type=\"container\">\n\t\t\t\t\t<div class=\"e-con-inner\">\n\t\t<div class=\"elementor-element elementor-element-9f13218 e-flex e-con-boxed e-con e-child\" data-id=\"9f13218\" data-element_type=\"container\" data-e-type=\"container\">\n\t\t\t\t\t<div class=\"e-con-inner\">\n\t\t\t\t<div class=\"elementor-element elementor-element-6df032f elementor-widget__width-initial elementor-widget elementor-widget-image\" data-id=\"6df032f\" data-element_type=\"widget\" data-e-type=\"widget\" data-widget_type=\"image.default\">\n\t\t\t\t<div class=\"elementor-widget-container\">\n\t\t\t\t\t\t\t\t\t\t\t\t\t\t\t<img decoding=\"async\" width=\"150\" height=\"300\" src=\"https:\/\/waterpeople.org\/wp-content\/uploads\/2020\/10\/romplo_triste-150x300.jpg\" class=\"attachment-medium size-medium wp-image-6921\" alt=\"\" srcset=\"https:\/\/waterpeople.org\/wp-content\/uploads\/2020\/10\/romplo_triste-150x300.jpg 150w, https:\/\/waterpeople.org\/wp-content\/uploads\/2020\/10\/romplo_triste-6x12.jpg 6w, https:\/\/waterpeople.org\/wp-content\/uploads\/2020\/10\/romplo_triste.jpg 455w\" sizes=\"(max-width: 150px) 100vw, 150px\" \/>\t\t\t\t\t\t\t\t\t\t\t\t\t\t\t<\/div>\n\t\t\t\t<\/div>\n\t\t<div class=\"elementor-element elementor-element-7bd2615 e-con-full e-flex e-con e-child\" data-id=\"7bd2615\" data-element_type=\"container\" data-e-type=\"container\">\n\t\t\t\t<div class=\"elementor-element elementor-element-948a846 elementor-widget__width-initial elementor-widget-mobile__width-initial elementor-widget elementor-widget-text-editor\" data-id=\"948a846\" data-element_type=\"widget\" data-e-type=\"widget\" data-widget_type=\"text-editor.default\">\n\t\t\t\t<div class=\"elementor-widget-container\">\n\t\t\t\t\t\t\t\t\t<div style=\"text-align: center;\">&nbsp;<\/div>\n<div style=\"text-align: center;\">DATES | FECHA<\/div>\n<div style=\"text-align: center;\">TODOS LOS S\u00c1BADOS<\/div>\n<div style=\"text-align: center;\">October 7 through December 9<\/div>\n<div style=\"text-align: center;\">&nbsp;<\/div>\n<div style=\"text-align: center;\">TIME | HORA<\/div>\n<div style=\"text-align: center;\">11:30 AM &#8211; 2:00 PM<\/div>\n<div style=\"text-align: center;\">&nbsp;<\/div>\n<div style=\"text-align: center;\">LUGAR<\/div>\n<div style=\"text-align: center;\">Merle Reskin Rehearsal Theater&nbsp;<\/div>\n<div style=\"text-align: center;\">located at<\/div>\n<div style=\"text-align: center;\">STEPPENWOLF THEATRE<\/div>\n<div style=\"text-align: center;\">1624 N. HALSTED.&nbsp;<\/div>\t\t\t\t\t\t\t\t<\/div>\n\t\t\t\t<\/div>\n\t\t\t\t<\/div>\n\t\t\t\t<div class=\"elementor-element elementor-element-e21f63f elementor-widget elementor-widget-image\" data-id=\"e21f63f\" data-element_type=\"widget\" data-e-type=\"widget\" data-widget_type=\"image.default\">\n\t\t\t\t<div class=\"elementor-widget-container\">\n\t\t\t\t\t\t\t\t\t\t\t\t\t\t\t<img loading=\"lazy\" decoding=\"async\" width=\"179\" height=\"300\" src=\"https:\/\/waterpeople.org\/wp-content\/uploads\/2020\/10\/romplo_relexiona-179x300.jpg\" class=\"attachment-medium size-medium wp-image-6920\" alt=\"\" srcset=\"https:\/\/waterpeople.org\/wp-content\/uploads\/2020\/10\/romplo_relexiona-179x300.jpg 179w, https:\/\/waterpeople.org\/wp-content\/uploads\/2020\/10\/romplo_relexiona-7x12.jpg 7w, https:\/\/waterpeople.org\/wp-content\/uploads\/2020\/10\/romplo_relexiona.jpg 554w\" sizes=\"(max-width: 179px) 100vw, 179px\" \/>\t\t\t\t\t\t\t\t\t\t\t\t\t\t\t<\/div>\n\t\t\t\t<\/div>\n\t\t\t\t\t<\/div>\n\t\t\t\t<\/div>\n\t\t<div class=\"elementor-element elementor-element-272fb88 e-con-full gone e-flex e-con e-child\" data-id=\"272fb88\" data-element_type=\"container\" data-e-type=\"container\">\n\t\t\t\t<div class=\"elementor-element elementor-element-db089e6 elementor-widget elementor-widget-menu-anchor\" data-id=\"db089e6\" data-element_type=\"widget\" data-e-type=\"widget\" data-widget_type=\"menu-anchor.default\">\n\t\t\t\t<div class=\"elementor-widget-container\">\n\t\t\t\t\t\t\t<div class=\"elementor-menu-anchor\" id=\"Scholarship\"><\/div>\n\t\t\t\t\t\t<\/div>\n\t\t\t\t<\/div>\n\t\t\t\t<div class=\"elementor-element elementor-element-33eee79 elementor-widget elementor-widget-heading\" data-id=\"33eee79\" data-element_type=\"widget\" data-e-type=\"widget\" data-widget_type=\"heading.default\">\n\t\t\t\t<div class=\"elementor-widget-container\">\n\t\t\t\t\t<h2 class=\"elementor-heading-title elementor-size-default\">\u00a1Puedes aplicar para una beca!<\/h2>\t\t\t\t<\/div>\n\t\t\t\t<\/div>\n\t\t\t\t<div class=\"elementor-element elementor-element-e267e81 elementor-widget elementor-widget-text-editor\" data-id=\"e267e81\" data-element_type=\"widget\" data-e-type=\"widget\" data-widget_type=\"text-editor.default\">\n\t\t\t\t<div class=\"elementor-widget-container\">\n\t\t\t\t\t\t\t\t\t<p><span style=\"font-weight: 400;\"><strong>Water People Theater<\/strong> otorgar\u00e1 becas a ni\u00f1os en situaci\u00f3n vulnerable socioecon\u00f3mica o migratoria y a ni\u00f1os con alguna condici\u00f3n especial. Para aplicar a una beca completa o parcial, entrar en este link y llenar la planilla.<\/span><\/p>\t\t\t\t\t\t\t\t<\/div>\n\t\t\t\t<\/div>\n\t\t\t\t<div class=\"elementor-element elementor-element-5ea71d1 elementor-align-center elementor-widget__width-inherit elementor-widget elementor-widget-button\" data-id=\"5ea71d1\" data-element_type=\"widget\" data-e-type=\"widget\" data-widget_type=\"button.default\">\n\t\t\t\t<div class=\"elementor-widget-container\">\n\t\t\t\t\t\t\t\t\t<div class=\"elementor-button-wrapper\">\n\t\t\t\t\t<a class=\"elementor-button elementor-button-link elementor-size-sm elementor-animation-float\" href=\"https:\/\/forms.gle\/tGh1fBNCNYQ6mwhx6\">\n\t\t\t\t\t\t<span class=\"elementor-button-content-wrapper\">\n\t\t\t\t\t\t<span class=\"elementor-button-icon\">\n\t\t\t\t<i aria-hidden=\"true\" class=\"fas fa-child\"><\/i>\t\t\t<\/span>\n\t\t\t\t\t\t\t\t\t<span class=\"elementor-button-text\">Aplicar a la Beca <\/span>\n\t\t\t\t\t<\/span>\n\t\t\t\t\t<\/a>\n\t\t\t\t<\/div>\n\t\t\t\t\t\t\t\t<\/div>\n\t\t\t\t<\/div>\n\t\t\t\t<div class=\"elementor-element elementor-element-bb56480 elementor-widget elementor-widget-text-editor\" data-id=\"bb56480\" data-element_type=\"widget\" data-e-type=\"widget\" data-widget_type=\"text-editor.default\">\n\t\t\t\t<div class=\"elementor-widget-container\">\n\t\t\t\t\t\t\t\t\t<p style=\"text-align: center;\"><strong>GRACIAS A<br \/>VoLo Foundation, Paul M. Angell Family Foundation, and Arts Work Fund<\/strong> <br \/>por su invaluable apoyo a <strong>Water People Theater STUDIO Kids.<\/strong><\/p>\t\t\t\t\t\t\t\t<\/div>\n\t\t\t\t<\/div>\n\t\t\t\t<\/div>\n\t\t\t\t\t<\/div>\n\t\t\t\t<\/div>\n\t\t\t\t<div class=\"elementor-element elementor-element-02a5907 elementor-widget elementor-widget-spacer\" data-id=\"02a5907\" data-element_type=\"widget\" data-e-type=\"widget\" data-widget_type=\"spacer.default\">\n\t\t\t\t<div class=\"elementor-widget-container\">\n\t\t\t\t\t\t\t<div class=\"elementor-spacer\">\n\t\t\t<div class=\"elementor-spacer-inner\"><\/div>\n\t\t<\/div>\n\t\t\t\t\t\t<\/div>\n\t\t\t\t<\/div>\n\t\t<div class=\"elementor-element elementor-element-400b102 e-flex e-con-boxed e-con e-child\" data-id=\"400b102\" data-element_type=\"container\" data-e-type=\"container\">\n\t\t\t\t\t<div class=\"e-con-inner\">\n\t\t<div class=\"elementor-element elementor-element-b4f41a0 e-flex e-con-boxed e-con e-child\" data-id=\"b4f41a0\" data-element_type=\"container\" data-e-type=\"container\">\n\t\t\t\t\t<div class=\"e-con-inner\">\n\t\t\t\t<div class=\"elementor-element elementor-element-814aafe elementor-widget elementor-widget-heading\" data-id=\"814aafe\" data-element_type=\"widget\" data-e-type=\"widget\" data-widget_type=\"heading.default\">\n\t\t\t\t<div class=\"elementor-widget-container\">\n\t\t\t\t\t<h2 class=\"elementor-heading-title elementor-size-default\">You can help us with a donation<\/h2>\t\t\t\t<\/div>\n\t\t\t\t<\/div>\n\t\t\t\t<div class=\"elementor-element elementor-element-d9c4a1d elementor-invisible elementor-widget elementor-widget-text-editor\" data-id=\"d9c4a1d\" data-element_type=\"widget\" data-e-type=\"widget\" data-settings=\"{&quot;_animation&quot;:&quot;fadeInUp&quot;,&quot;_animation_delay&quot;:500}\" data-widget_type=\"text-editor.default\">\n\t\t\t\t<div class=\"elementor-widget-container\">\n\t\t\t\t\t\t\t\t\t<p>With your support we will continue producing high-quality bilingual theater, attract new talent and audiences; promote important humanistic themes and encourage audiences to embrace a set of values consistent with social harmony.<\/p>\t\t\t\t\t\t\t\t<\/div>\n\t\t\t\t<\/div>\n\t\t\t\t<div class=\"elementor-element elementor-element-9330350 elementor-hidden-tablet elementor-widget elementor-widget-button\" data-id=\"9330350\" data-element_type=\"widget\" data-e-type=\"widget\" data-widget_type=\"button.default\">\n\t\t\t\t<div class=\"elementor-widget-container\">\n\t\t\t\t\t\t\t\t\t<div class=\"elementor-button-wrapper\">\n\t\t\t\t\t<a class=\"elementor-button elementor-button-link elementor-size-sm elementor-animation-float\" href=\"https:\/\/buy.stripe.com\/7sIaFj9W6dt066kcMM\">\n\t\t\t\t\t\t<span class=\"elementor-button-content-wrapper\">\n\t\t\t\t\t\t<span class=\"elementor-button-icon\">\n\t\t\t\t<i aria-hidden=\"true\" class=\"far fa-heart\"><\/i>\t\t\t<\/span>\n\t\t\t\t\t\t\t\t\t<span class=\"elementor-button-text\">Donar<\/span>\n\t\t\t\t\t<\/span>\n\t\t\t\t\t<\/a>\n\t\t\t\t<\/div>\n\t\t\t\t\t\t\t\t<\/div>\n\t\t\t\t<\/div>\n\t\t\t\t<div class=\"elementor-element elementor-element-57bc27f elementor-invisible elementor-widget elementor-widget-text-editor\" data-id=\"57bc27f\" data-element_type=\"widget\" data-e-type=\"widget\" data-settings=\"{&quot;_animation&quot;:&quot;fadeInUp&quot;,&quot;_animation_delay&quot;:500}\" data-widget_type=\"text-editor.default\">\n\t\t\t\t<div class=\"elementor-widget-container\">\n\t\t\t\t\t\t\t\t\t<p>As a non-profit organization 501 (C) (3), Water People Theater\u2019s ultimate success depends on the support of local citizens, donors, and sponsors. Partnering with Water People Theater through donation and sponsorship is a great way to connect with the community and support a vibrant cultural life in the City of Chicago. You will play a vital and valued role in our vision of creating a strong and motivated community.<\/p>\t\t\t\t\t\t\t\t<\/div>\n\t\t\t\t<\/div>\n\t\t\t\t\t<\/div>\n\t\t\t\t<\/div>\n\t\t\t\t\t<\/div>\n\t\t\t\t<\/div>\n\t\t\t\t<div class=\"elementor-element elementor-element-fc40d97 elementor-invisible elementor-widget elementor-widget-heading\" data-id=\"fc40d97\" data-element_type=\"widget\" data-e-type=\"widget\" data-settings=\"{&quot;_animation&quot;:&quot;fadeInUp&quot;}\" data-widget_type=\"heading.default\">\n\t\t\t\t<div class=\"elementor-widget-container\">\n\t\t\t\t\t<h2 class=\"elementor-heading-title elementor-size-default\">Let us all come together and welcome 2024 with theater<\/h2>\t\t\t\t<\/div>\n\t\t\t\t<\/div>\n\t\t\t\t<div class=\"elementor-element elementor-element-0c7c316 elementor-hidden-mobile elementor-invisible elementor-widget elementor-widget-heading\" data-id=\"0c7c316\" data-element_type=\"widget\" data-e-type=\"widget\" data-settings=\"{&quot;_animation&quot;:&quot;fadeInUp&quot;}\" data-widget_type=\"heading.default\">\n\t\t\t\t<div class=\"elementor-widget-container\">\n\t\t\t\t\t<h2 class=\"elementor-heading-title elementor-size-default\">TERMINEMOS ESTE A\u00d1O EN UNA NOTA DISTINTA<\/h2>\t\t\t\t<\/div>\n\t\t\t\t<\/div>\n\t\t\t\t<div class=\"elementor-element elementor-element-dcd9885 elementor-widget elementor-widget-spacer\" data-id=\"dcd9885\" data-element_type=\"widget\" data-e-type=\"widget\" data-widget_type=\"spacer.default\">\n\t\t\t\t<div class=\"elementor-widget-container\">\n\t\t\t\t\t\t\t<div class=\"elementor-spacer\">\n\t\t\t<div class=\"elementor-spacer-inner\"><\/div>\n\t\t<\/div>\n\t\t\t\t\t\t<\/div>\n\t\t\t\t<\/div>\n\t\t\t\t<\/div>\n\t\t\t\t\t<\/div>\n\t\t\t\t<\/div>\n\t\t\t\t<\/div>","protected":false},"excerpt":{"rendered":"<p>ALL&nbsp;FOR&nbsp;THE&nbsp;PLANET | ONE&nbsp;PLANET&nbsp;FOR&nbsp;ALL WHAT IS WRONG WITH ME? A CHRISTMAS TALE FOR THE WHOLE FAMILY Join us at the closing of the first Water People STUDIO Kids Creative Lab. The children will share the Christmas story \u201cWhat is wrong with me?\u201d Our story begins with little Romplo, a Christmas tree who is different from everyone [&hellip;]<\/p>\n","protected":false},"featured_media":6918,"template":"","meta":{"_acf_changed":false},"product_brand":[],"product_cat":[247,236],"product_tag":[287,288],"class_list":{"0":"post-6909","1":"product","2":"type-product","3":"status-publish","4":"has-post-thumbnail","6":"product_cat-6-11","7":"product_cat-water-people-theater-studio-kids","8":"product_tag-water-people-express","9":"product_tag-water-people-theater-studio-kids","11":"first","12":"outofstock","13":"virtual","14":"taxable","15":"purchasable","16":"product-type-simple"},"acf":[],"_links":{"self":[{"href":"https:\/\/waterpeople.org\/spanish\/wp-json\/wp\/v2\/product\/6909","targetHints":{"allow":["GET"]}}],"collection":[{"href":"https:\/\/waterpeople.org\/spanish\/wp-json\/wp\/v2\/product"}],"about":[{"href":"https:\/\/waterpeople.org\/spanish\/wp-json\/wp\/v2\/types\/product"}],"version-history":[{"count":83,"href":"https:\/\/waterpeople.org\/spanish\/wp-json\/wp\/v2\/product\/6909\/revisions"}],"predecessor-version":[{"id":24117,"href":"https:\/\/waterpeople.org\/spanish\/wp-json\/wp\/v2\/product\/6909\/revisions\/24117"}],"wp:featuredmedia":[{"embeddable":true,"href":"https:\/\/waterpeople.org\/spanish\/wp-json\/wp\/v2\/media\/6918"}],"wp:attachment":[{"href":"https:\/\/waterpeople.org\/spanish\/wp-json\/wp\/v2\/media?parent=6909"}],"wp:term":[{"taxonomy":"product_brand","embeddable":true,"href":"https:\/\/waterpeople.org\/spanish\/wp-json\/wp\/v2\/product_brand?post=6909"},{"taxonomy":"product_cat","embeddable":true,"href":"https:\/\/waterpeople.org\/spanish\/wp-json\/wp\/v2\/product_cat?post=6909"},{"taxonomy":"product_tag","embeddable":true,"href":"https:\/\/waterpeople.org\/spanish\/wp-json\/wp\/v2\/product_tag?post=6909"}],"curies":[{"name":"wp","href":"https:\/\/api.w.org\/{rel}","templated":true}]}}